t s = 4 + 1. Suppose 3*m = -2*q + 3*q - 28, s*q - 140 = -3*m. Calculate the remainder when 53 is divided by q.
25
Let k = 20 + -14. Calculate the remainder when 10 is divided by k.
4
Suppose 5*w - 2*i = 140, -i + 3 = 8. Let c = -17 + w. What is the remainder when 15 is divided by c?
6
Let x(c) = -c + 2. Calculate the remainder when (-8920)/(-240) - 1/6 is divided by x(-6).
5
Let j = 76 + -33. Let v(i) = i**3 + 5*i**2 - 3*i - 4. Let o = -10 - -5. Calculate the remainder when j is divided by v(o).
10
Let y(x) = -x**3 - x**2 + x - 1. Let w be y(-2). Let r = 2 - w. Calculate the remainder when 1 is divided by r.
0
Let p = -185 + 200. Suppose -r + 12 + 15 = 0. Calculate the remainder when r is divided by p.
12
Suppose 4*d - 197 + 61 = 0. Calculate the remainder when d is divided by 9.
7
Let j = 22 + -4. What is the remainder when 48 is divided by j?
12
Let n(h) = h**3 - 9*h**2 + h + 8. What is the remainder when 33 is divided by n(9)?
16
Let t be (6/(-2) + 3)*-1. Suppose 0 = 5*g + f - 80, -2*g + t*g + 2*f + 44 = 0. Calculate the remainder when 65 is divided by g.
14
Let d = 16 + -11. What is the remainder when d is divided by ((-7)/21)/(2/(-18))?
2
Calculate the remainder when 21 is divided by (-6 + 8)/(6/39).
8
Let f = -1 - -9. Suppose -6*g - 2*g + 40 = 0. What is the remainder when f is divided by g?
3
Suppose -2*d + 12 = d. Let t(l) = l**3 + 5*l**2 - l - 1. Calculate the remainder when t(-5) is divided by 0 + d + -7 + 6.
1
Suppose -4*i + 5*i = -7. Suppose -5*h + 2*h = -f - 18, 0 = -3*f + 4*h - 74. What is the remainder when 10 is divided by 4/(-14) + f/i?
2
Suppose -4*i + 0*i = -16. Let g(j) = 3*j**2 - 7*j + 6. Calculate the remainder when g(i) is divided by 7.
5
Let k(l) = l + 7. Let q be k(-5). Suppose -d = -q*d. Suppose d = -4*p + p + 39. Calculate the remainder when p is divided by 7.
6
Let q = 11 + 19. Let v = -20 + q. What is the remainder when v is divided by 6?
4
Suppose 1 = n - 2. Suppose 0 = n*l - 3, 0*l + 26 = 5*y + l. Suppose x - 11 = -y*b, -b - 2 = -5*x + x. Calculate the remainder when x is divided by 1.
0
Suppose -3*m - 195 = -5*t, t - 5*m = -0*t + 17. Calculate the remainder when (t/4)/(18/120) is divided by 18.
16
Let o be 2/(-8) - 1/(-4). Suppose 4*z - 2 = 3*z. Suppose 6*s - z*s - 48 = o. What is the remainder when 22 is divided by s?
10
Let g(h) be the first derivative of h**3/3 + h**2 - h + 9. Calculate the remainder when 81 is divided by g(-5).
11
Let q be (132/(-55))/(4/(-10)). Suppose 88 = q*k - 2*k. What is the remainder when 43 is divided by k?
21
Let a(n) = 2*n**2 - 6*n + 17. What is the remainder when 145 is divided by a(5)?
34
Suppose -3*y + 2 = -4*d - 8, -d + 2 = 0. Calculate the remainder when 15 - (-2 + 2) - 0 is divided by y.
3
Let v(t) = -t**3 - 16*t**2 + 12*t + 24. Calculate the remainder when v(-17) is divided by 11.
10
Suppose -20 = -3*t - 0*t - 5*m, -2*t = -3*m - 45. Calculate the remainder when 73 is divided by t.
13
Let m = 33 - 20. Calculate the remainder when m is divided by 3/12 - (-54)/8.
6
Let y be ((-28)/(-35))/(2/10). Let b = 14 - 0. Let k = b - y. What is the remainder when 29 is divided by k?
9
Let f be 3/(-1) + -4 + 18. Let r = f - 3. Let m(z) = z**3 + z**2 - z + 15. What is the remainder when m(0) is divided by r?
7
Let x(k) = k**2 + k + 5. Suppose 60 = 3*v - 87. Calculate the remainder when v is divided by x(-4).
15
Calculate the remainder when -62*2*3/(-12) is divided by 11.
9
Suppose 0 = -3*v + 15, 2*v - 91 = -y - 3*v. What is the remainder when y is divided by 34?
32
Let j(b) = -b**2 + b + 10. Let q be j(0). Let w(a) = a**2 - 12*a. Let g be w(q). Let o = g - -35. What is the remainder when 43 is divided by o?
13
Let g(w) = w**2 + 7*w + 8. Let s be g(-5). Calculate the remainder when 19 is divided by 3/(-3) + s - -13.
9
What is the remainder when 13 is divided by (-15)/(-4) + 1/4?
1
Let s = 13 - 12. Suppose 3*q + 30 = 8*q. Let j = 8 - q. Calculate the remainder when j is divided by s.
0
Let w = 3 + -3. Suppose -2*y + 3 + 3 = w. Suppose -y*m + 36 = -0*m. Calculate the remainder when 22 is divided by m.
10
Suppose -3*t + 2*s + 101 = 0, 5*t + 2*s - 64 = 99. Let i = t - 18. Let y(u) = -u + 27. Calculate the remainder when y(0) is divided by i.
12
Suppose i = -4*x + 125, 403 = 3*i + 6*x - x. What is the remainder when i is divided by 16?
13
Suppose 12 - 32 = -5*u. What is the remainder when u is divided by 3?
1
Let p be -2 - -1*54/3. Suppose -2*n + p = 2*n. Let i = n + 27. What is the remainder when i is divided by 16?
15
Suppose -2*q + q + 4 = 0. Let d(b) = -b**3 + 6*b**2 - 5*b - 4. Suppose 7 = k + 2*k - 4*j, -5 = k - 5*j. What is the remainder when d(q) is divided by k?
3
Suppose 2*s = -93 + 29. Let b = 50 + s. Let h = b + -8. Calculate the remainder when 18 is divided by h.
8
Let g(q) = -2*q**2 - 5*q - 3. Let r be g(-5). Let t be r/(-10)*(-3 + 13). Suppose 4*j = 2*j + t. Calculate the remainder when 41 is divided by j.
13
Suppose -83 = -2*h - s, 5*h - 3*s + 8 - 199 = 0. What is the remainder when h is divided by 14?
12
Let n = -88 + 126. What is the remainder when n is divided by 13?
12
Let f(k) = 4*k**2 - 6*k + 6. Calculate the remainder when f(4) is divided by 12.
10
Let t be (1 - 3) + 62/1. Let k = -8 + t. Let w = -15 + k. Calculate the remainder when w is divided by 13.
11
Let t be (3/(-2))/(3/(-90)). Let k be (-10)/t + 20/9. What is the remainder when 3 - 1 - k*-12 is divided by 9?
8
Let u = -1 - -36. Calculate the remainder when u is divided by 18.
17
What is the remainder when -4*(2 - (-105)/(-12)) is divided by 14?
13
Let k be (-2 - 14/(-4))*2. Let z = k + 2. Suppose -z*d = 8 - 28. What is the remainder when d is divided by 3?
1
Suppose 4*n + u = -0 + 9, 2*u = n. Calculate the remainder when 6 is divided by n.
0
Suppose 0*d - 5*x = -4*d + 188, 0 = 5*d - 5*x - 235. Let y be (d - 0)/((-2)/2). Let f = y + 79. Calculate the remainder when f is divided by 17.
15
Let a(p) = p**3 - 9*p**2 + 8*p + 12. Let s be a(9). Let m = s + -50. Calculate the remainder when m is divided by 12.
10
What is the remainder when 196 is divided by ((-32)/(-6))/(20/150)?
36
Let x be (9/(-2))/(6/(-8)). Suppose 0 = b - 2 - 3. What is the remainder when (28/3)/(4/x) is divided by b?
4
Let c(n) be the third derivative of n**6/120 - 2*n**5/15 - n**4/3 - n**3 + n**2. What is the remainder when 5 is divided by c(9)?
2
Let l be (-2)/(-8) + 6/8. What is the remainder when l*(0 - -2 - -8) is divided by ((-6)/4)/((-15)/40)?
2
Suppose 2*g = -4*q + 3*g + 51, 2*g = 3*q - 37. What is the remainder when q is divided by 3?
1
Let c(f) = -15*f - 35. Calculate the remainder when 46 is divided by c(-4).
21
Let x(g) = g**2 - g - 11. Calculate the remainder when 24 is divided by x(5).
6
Let o = 70 + -15. Suppose -4*q - j + 232 = j, -o = -q - 2*j. Calculate the remainder when q is divided by 15.
14
Let q = 27 - 20. Calculate the remainder when 16 is divided by q.
2
Suppose -3*y - 116 = -2*y. Calculate the remainder when 17 is divided by 2/(-3) - y/12.
8
Suppose -t + 2*y + 56 = 0, 5*t + y - 266 = -3*y. Let z = t + -34. What is the remainder when 59 is divided by z?
19
Let f = -20 + 39. What is the remainder when 75 is divided by f?
18
Suppose 5*g = 129 - 19. Calculate the remainder when 86 is divided by g.
20
Calculate the remainder when (120/(-28))/(-3)*7 is divided by 6.
4
Suppose -9 = -3*p, p = -4*a + 6*p + 1. Let c = 0 - -11. What is the remainder when c is divided by a?
3
Suppose 3*q - 6*m + 3*m = 39, 0 = -2*q + 5*m + 32. Let k = q + -2. Suppose 0 = a - k - 2. What is the remainder when 42 is divided by a?
9
Let j(w) = w**3 - 9*w**2 + 9*w + 2. Let a be j(8). Suppose 3*v + a = 4*v. What is the remainder when 39 is divided by v?
9
Suppose -13*i = -2468 + 869. Calculate the remainder when i is divided by 25.
23
Suppose 36*k = 33*k + 48. What is the remainder when 45 is divided by k?
13
Let r(h) = 6*h**2 - 6*h + 3. Let a = 14 + -12. Calculate the remainder when r(a) is divided by 6.
3
Calculate the remainder when 17 is divided by (18/(-5))/((-10)/25).
8
Suppose -b = -19 - 8. Let n(p) = -8*p**3 - 2*p**2 + 1. Calculate the remainder when b is divided by n(-1).
6
Suppose -3*a + 60 = 2*a. Let g be -2 + (0 - 12*4). Let u = -27 - g. Calculate the remainder when u is divided by a.
11
Suppose 3*z + 2*z - 2*k = 17, z - 4 = k. Suppose 0 = z*c +